ousands digit of 170114?
7
What is the hundreds digit of 4424?
4
What is the units digit of 419?
9
What is the units digit of 20171?
1
What is the thousands digit of 1230?
1
What is the tens digit of 848?
4
What is the ten thousands digit of 88982?
8
What is the tens digit of 168?
6
What is the tens digit of 219?
1
What is the thousands digit of 41037?
1
What is the hundreds digit of 11784?
7
What is the tens digit of 10380?
8
What is the thousands digit of 37252?
7
What is the units digit of 31436?
6
What is the hundreds digit of 916?
9
What is the hundreds digit of 3528?
5
What is the thousands digit of 2673?
2
What is the units digit of 1119?
9
What is the thousands digit of 2843?
2
What is the hundreds digit of 3184?
1
What is the tens digit of 36334?
3
What is the hundreds digit of 10035?
0
What is the hundreds digit of 5187?
1
What is the ten thousands digit of 100122?
0
What is the ten thousands digit of 22185?
2
What is the thousands digit of 1713?
1
What is the hundreds digit of 370?
3
What is the tens digit of 2112?
1
What is the thousands digit of 7208?
7
What is the hundreds digit of 4874?
8
What is the thousands digit of 49800?
9
What is the tens digit of 1170?
7
What is the tens digit of 4753?
5
What is the hundreds digit of 5889?
8
What is the tens digit of 698?
9
What is the hundreds digit of 2192?
1
What is the tens digit of 10276?
7
What is the thousands digit of 1867?
1
What is the ten thousands digit of 10202?
1
What is the tens digit of 1959?
5
What is the thousands digit of 46885?
6
What is the units digit of 18741?
1
What is the units digit of 43588?
8
What is the ten thousands digit of 85429?
8
What is the thousands digit of 124510?
4
What is the units digit of 424?
4
What is the units digit of 277?
7
What is the units digit of 151?
1
What is the hundreds digit of 167?
1
What is the units digit of 47799?
9
What is the thousands digit of 20925?
0
What is the tens digit of 34222?
2
What is the tens digit of 282?
8
What is the thousands digit of 68982?
8
What is the ten thousands digit of 150860?
5
What is the tens digit of 9398?
9
What is the units digit of 161?
1
What is the tens digit of 65?
6
What is the thousands digit of 1737?
1
What is the tens digit of 3231?
3
What is the tens digit of 317?
1
What is the tens digit of 3749?
4
What is the hundreds digit of 5941?
9
What is the hundreds digit of 140575?
5
What is the ten thousands digit of 12107?
1
What is the thousands digit of 82193?
2
What is the units digit of 369?
9
What is the hundreds digit of 16558?
5
What is the units digit of 380?
0
What is the hundreds digit of 126?
1
What is the units digit of 1880?
0
What is the thousands digit of 1965?
1
What is the thousands digit of 28203?
8
What is the tens digit of 8657?
5
What is the units digit of 4106?
6
What is the thousands digit of 32652?
2
What is the tens digit of 25598?
9
What is the ten thousands digit of 52442?
5
What is the tens digit of 2043?
4
What is the thousands digit of 3503?
3
What is the hundreds digit of 780?
7
What is the hundreds digit of 363?
3
What is the hundreds digit of 24796?
7
What is the tens digit of 2239?
3
What is the tens digit of 422?
2
What is the thousands digit of 9274?
9
What is the units digit of 4041?
1
What is the tens digit of 59?
5
What is the units digit of 6461?
1
What is the thousands digit of 63240?
3
What is the tens digit of 2168?
6
What is the tens digit of 236?
3
What is the thousands digit of 110799?
0
What is the tens digit of 2983?
8
What is the units digit of 415?
5
What is the hundreds digit of 2040?
0
What is the hundreds digit of 15195?
1
What is the tens digit of 52816?
1
What is the thousands digit of 2269?
2
What is the units digit of 234?
4
What is the tens digit of 5051?
5
What is the hundreds digit of 650?
6
What is the hundreds digit of 1013?
0
What is the tens digit of 11922?
2
What is the units digit of 747?
7
What is the tens digit of 118?
1
What is the tens digit of 8073?
7
What is the thousands digit of 29560?
9
What is the tens digit of 5535?
3
What is the tens digit of 4636?
3
What is the units digit of 621?
1
What is the hundreds digit of 771?
7
What is the units digit of 3236?
6
What is the thousands digit of 46473?
6
What is the thousands digit of 1839?
1
What is the tens digit of 67?
6
What is the hundreds digit of 15756?
7
What is the ten thousands digit of 86339?
8
What is the hundreds digit of 591?
5
What is the hundreds digit of 2267?
2
What is the hundreds digit of 572?
5
What is the units digit of 362?
2
What is the units digit of 18387?
7
What is the ten thousands digit of 38165?
3
What is the tens digit of 32858?
5
What is the units digit of 1217?
7
What is the thousands digit of 1913?
1
What is the hundreds digit of 8982?
9
What is the thousands digit of 20400?
0
What is the thousands digit of 1090?
1
What is the hundreds digit of 6927?
9
What is the tens digit of 913?
1
What is the units digit of 8853?
3
What is the units digit of 14828?
8
What is the thousands digit of 29527?
9
What is the tens digit of 7512?
1
What is the units digit of 778?
8
What is the units digit of 21844?
4
What is the tens digit of 3048?
4
What is the hundreds digit of 2435?
4
What is the units digit of 741?
1
What is the units digit of 2831?
1
What is the tens digit of 9354?
5
What is the thousands digit of 49891?
9
What is the units digit of 5894?
4
What is the units digit of 529?
9
What is the tens digit of 88263?
6
What is the tens digit of 920?
2
What is the hundreds digit of 36023?
0
What is the tens digit of 832?
3
What is the hundreds digit of 1646?
6
What is the thousands digit of 123833?
3
What is the thousands digit of 85961?
5
What is the hundreds digit of 431?
4
What is the units digit of 112241?
1
What is the units digit of 1822?
2
What is the units digit of 17213?
3
What is the units digit of 22856?
6
What is the tens digit of 6721?
2
What is the hundreds digit of 99609?
6
What is the tens digit of 18856?
5
What is the hundreds digit of 481?
4
What is the tens digit of 2298?
9
What is the hundreds digit of 1308?
3
What is the tens digit of 101906?
0
What is the tens digit of 21158?
5
What is the thousands digit of 3620?
3
What is the thousands digit of 2806?
2
What is the units digit of 1098?
8
What is the units digit of 15152?
2
What is the thousands digit of 25559?
5
What is the ten thousands digit of 34538?
3
What is the tens digit of 1129?
2
What is the thousands digit of 10581?
0
What is the ten thousands digit of 18939?
1
What is the units digit of 6157?
7
What is the thousands digit of 17256?
7
What is the units digit of 8907?
7
What is the units digit of 4990?
0
What is the units digit of 32783?
3
What is the tens digit of 2982?
8
What is the thousands digit of 3546?
3
What is the hundreds digit of 9832?
8
What is the units digit of 10083?
3
What is the units digit of 688?
8
What is the units digit of 64?
4
What is the thousands digit of 1638?
1
What is the tens digit of 5434?
3
What is the thousands digit of 37804?
7
What is the thousands digit of 6620?
6
What is the thousands digit of 4970?
4
What is the tens digit of 18626?
2
What is the ten thousands digit of 107169?
0
What is the tens digit of 1021?
2
What is the units digit of 19918?
8
What is the hundred thousands digit of 148813?
1
What is the ten thousands digit of 19900?
1
What is the tens digit of 6079?
7
What is the thousands digit of 4708?
4
What is the thousands digit of 3946?
3
What is the tens digit of 2087?
8
What is the tens digit of 143532?
3
What is the hundreds digit of 761?
7
What is the units digit of 1241?
1
What is the thousands digit of 1486?
1
What is the units digit of 3591?
1
What is the hundreds digit of 23950?
9
What is the thousands digit of 2470?
2
What is the tens digit of 1184?
8
What is the hundreds digit of 9369?
3
What is the tens digit of 2573?
7
What is the units digit of 593?
3
What is the thousands digit of 82137?
2
What is the units digit of 2457?
7
What is the tens digit of 1315?
1
What is the ten thousands digit of 19168?
1
What is the thousands digit of 2205?
2
What is the units digit of 3239?
9
What is the units digit of 22905?
5
What is the hundreds digit of 713?
7
What is the thousands digit of 14670?
4
What is the ten thousands d